be f(-13). What is d(g)?
-14
Let t = -5 - -9. Let j(w) = w**2 - 5*w - w**3 + 4*w - t*w**2. Let g = 0 - 2. What is j(g)?
-2
Let w = -1/51 - -7/68. Let i(k) be the second derivative of 0 + 2/3*k**3 + w*k**4 + k + 1/2*k**2. Calculate i(-2).
-3
Let v(x) = x**3 - 2*x**2 - 6*x + 6. Let s = -4 - -3. Let g(b) = 4*b**2. Let a be g(s). Determine v(a).
14
Let o(a) be the second derivative of -a**5/20 + a**4/4 + a**3/6 + a**2/2 - 3*a. Determine o(3).
4
Let m(i) = 2*i**3 - 3*i**3 - 10 + 2*i**3 - i + 12*i**2. Let l be m(-12). Let y(x) = x**3 + 0*x + 1 - 4*x + 6*x**2 - 8*x**l. What is y(3)?
-2
Let v(y) be the second derivative of -4*y**2 + 6*y + 1/6*y**3 + 0. Give v(4).
-4
Suppose 33*y + 4 = 37*y. Let t(s) be the first derivative of -3*s**4/2 + s**3/3 - 1. What is t(y)?
-5
Suppose 0 = 3*v - 2 - 13. Let p be ((-9)/45)/((-1)/v). Let r(c) = -4*c**2 - c. Determine r(p).
-5
Let o(i) be the second derivative of -2*i - 2/3*i**3 + 0*i**2 + 0 + 1/12*i**4. Give o(3).
-3
Let g(f) be the second derivative of -f**3/6 - f**2 + 11*f. Suppose 4 = -2*h + 3*h. Suppose h*d + 2*w = -14 - 0, 0 = 4*d - 3*w - 1. What is g(d)?
0
Let q(m) be the first derivative of -m**2 + 3. Let u(k) = -k**2 - 5*k + 3. Let i be u(-6). Determine q(i).
6
Let p = -2 - -5. Suppose -p*v + 2*r + r = -12, 0 = -2*v - 4*r - 4. Let j(w) = -2*w**v - 3*w + 2 + 4*w - 3*w. What is j(-3)?
-10
Let b = -8 - -14. Let i(y) be the first derivative of -y**3/3 + 3*y**2 + 7*y - 2. Determine i(b).
7
Let b(o) = -1 - o**2 - o**2 - o + 6*o**2 + 0*o**2. Calculate b(2).
13
Let b(j) = -j**2 - 7*j - 4. Let f be b(-5). Suppose -2*u - 3*h + f = 2*h, -5*u - 4*h = 2. Let n(i) = i**3 + 2*i**2 + i + 2. Give n(u).
0
Let n be (2/(-3))/(3/(-9)). Suppose -m + n = -1. Let a(t) = m*t + 0*t**2 - 2*t**2 + t**2 + 0 + 3. Calculate a(4).
-1
Let s(n) = -n + 5. Let o be s(2). Let m(h) = 0 + 4*h - 7*h**2 + 0*h**o + 5 + h**3. Calculate m(6).
-7
Let v(n) = n**2 + 5*n. Let g(s) = 6*s. Let m be g(-1). Determine v(m).
6
Suppose 0 = 4*p + 3*c + 7, 0 = 5*p + 4*c - 2*c. Suppose 0 = -p*y - 2*v + 4, 2*v + 0 = 3*y + 4. Let o(k) = 3 - k - 7 + 3. What is o(y)?
-1
Suppose -2*z = -0*z + 16. Let r(i) = 3*i + 10. Let l be r(z). Let v be (-26)/l + 1/7. Let h(a) = -6*a + 1. Determine h(v).
-11
Let n be ((-28)/(-12))/7*-9. Let i(k) = -k**3 - 3*k**2 - k - 3. Give i(n).
0
Let z(s) = s**3 - s**2 - s + 4. Let g(a) = -2*a - 13. Let w be g(-9). Suppose -w*u + 16 = 6. Let d be 0/(-1 + (1 - u)). Calculate z(d).
4
Let g(o) be the first derivative of o**5/60 + o**4/24 + o**3 - 5*o**2/2 + 6. Let x(f) be the second derivative of g(f). Calculate x(0).
6
Suppose 0 = 4*b + 15 + 13. Let t(v) = -v - 4. What is t(b)?
3
Let f(p) = -p**3 + 3*p**2 - 2. Let a(w) = -2*w - 4. Let n(r) = r**3 - 10*r**2 + r - 13. Let k be n(10). Let h be a(k). What is f(h)?
2
Let t(c) = -5*c + 11*c**2 + 5 - 16*c**2 + 6*c**2. Determine t(5).
5
Suppose 2*n - 18 = -2*d + 6*d, 0 = -5*n - 4*d + 31. Let a(u) = -u**3 - 3*u - 5*u**2 + 0 - 3*u**2 + 2*u**2 + n. Give a(-5).
-3
Let r(n) = -4*n. Let i(t) = 4*t. Let l(f) = -2*i(f) - 3*r(f). What is l(1)?
4
Let w(f) = -f**2 - 2*f - 2. Let k be w(0). Let y(r) = -3*r - 3. Calculate y(k).
3
Let x(j) = 7*j - 3. Let d be x(1). Suppose -d*m = 5*l + 39, -3*m + 2*m - 15 = 3*l. Let h(o) = o**2 + 7*o + 9. Determine h(m).
3
Let s(k) = -17*k**3 - k**2 + k - 1. Let q = 5 + -4. Determine s(q).
-18
Let k(u) = -17*u - 12. Let f(r) = -6*r - 4. Let d(j) = 11*f(j) - 4*k(j). Give d(-4).
-4
Let q(i) = -i**2 - 6*i - 5. Suppose 0*k = 2*k + 8. Calculate q(k).
3
Suppose -p + 0 = 3*g + 3, 0 = -5*g + p - 5. Let l = -4 + g. Let q(r) = -r**3 - 4*r**2 + 4*r - 4. What is q(l)?
1
Let s(n) = 2*n**2. Let g(q) = q**3 - q**2 + q + 1. Let j(f) = -g(f) + s(f). Let t be j(2). Let b(v) = 1 - 3*v**2 - 4*v**3 + 2*v**2 + 5*v**3. Determine b(t).
1
Let m(l) = l**3 - 9*l**2 + 9*l - 9. Let a(w) = -w**3 + w**2 - w + 8. Let b be a(0). Let i be m(b). Let x(v) = v + 4 - 1 - 2. Calculate x(i).
0
Let t be (-16)/(-7) + (-8)/28. Let r = t + -5. Let d(f) = 1 - 3*f + f**2 + 8*f + 2 - f. Determine d(r).
0
Let g be (-2)/(-8) + (-42)/(-24). Let q(i) = g*i - 22 + 15 - i + i**2. What is q(0)?
-7
Let y(v) = -7*v**2 - 5*v + 6. Let n(f) = f**2 + f - 1. Let d(p) = -5*n(p) - y(p). Suppose -3*i - 6 = -0*i. Calculate d(i).
7
Let z(x) = 8*x + 7. Let r(a) = 15*a + 13. Let g(n) = -6*r(n) + 11*z(n). Determine g(-1).
1
Let g be (-177)/(-12) + 3/12. Let x(d) = g + d**2 + 3*d + 2*d**2 - 19 - d**3. Let n be x(3). Let j(z) = z - 5. Give j(n).
0
Let b(v) = -7*v**2 - v - 1. Let s(f) = f**2. Let z(c) = -b(c) - 6*s(c). Suppose -j + 6 = -4*j. Calculate z(j).
3
Let t be -1 + 4 + -1 - -1. Let u(c) = -2 + 0*c**3 + 7*c**2 + 0*c**2 - c**t - 5*c. Give u(6).
4
Let y(f) = f - 4. Let r be (2 + -3)*(-6 - -3). Suppose 0*p = -4*z - 2*p + 10, 4*p - 20 = -r*z. Let l be y(z). Let g(d) = -3*d - 4. Determine g(l).
8
Let n(c) be the second derivative of 0 - 2*c - 3/2*c**2 + 1/6*c**3. Let a be n(6). Let m(z) = z. Calculate m(a).
3
Let k(a) be the first derivative of a**4/4 - 4*a**3/3 - 2*a**2 - a - 4. Let n = 0 - 2. Let y = n - -7. Give k(y).
4
Let r(t) be the third derivative of 0 - 1/8*t**4 + 1/60*t**5 + 0*t - 1/6*t**3 + 4*t**2. Give r(2).
-3
Let m = -13 - -21. Let d be (-26)/m - (-2)/8. Let b be 2 - d*(-2)/(-3). Let p(l) = 3*l - 6. Give p(b).
6
Let q be 2*((-25)/(-2))/(-5). Let o(n) be the third derivative of -n**5/120 - 5*n**4/24 - n**3/6 + n**2. Let f(v) be the first derivative of o(v). Give f(q).
0
Suppose -3 - 3 = -2*k, k = -2*q + 13. Let t(o) = 2*o**3 - 3 - 2*o + 4*o**3 - 5*o**3 - 4*o**2. Give t(q).
12
Let y be 78/(-12) + 3/2. Let q(p) = -p**2 - 5*p - 6. Calculate q(y).
-6
Let y(h) = 2*h - 11. Let t be y(10). Suppose 0 = t*r - 4*r + 25. Let l(b) = -b**3 - 4*b**2 + 3*b - 7. What is l(r)?
3
Let y(w) = -w**2 + 0*w**2 - 10 + 21 - 3*w - 9 + w**3. Give y(2).
0
Let x(j) = -2*j**2 - 15*j + 1. Let k be x(-8). Let g(p) = p + 4. Determine g(k).
-3
Let l(q) = 2 - 2*q + 6*q + 2*q**2 - q**2. Suppose 0 = -3*k - 5 - 4. Let h = k + 0. Determine l(h).
-1
Let o be (-35)/21*(-3 - 0). Let b(w) be the first derivative of w**2/2 + 3*w + 2. Determine b(o).
8
Let v(n) be the second derivative of 0*n**3 + 1/6*n**4 - n**2 - 2*n + 0. Let i be 1/2 - 3/(-2). Calculate v(i).
6
Let u(o) = -2*o**3 + o**2 - 2*o - 1. Suppose g + 5*m - 12 = 0, -1 - 3 = -4*g + 2*m. Give u(g).
-17
Let q be -7 - (1 + -1*2). Let z be (-1 - q) + (-1 - -1). Let s(j) be the first derivative of -j**3/3 + 7*j**2/2 - 3*j + 8. What is s(z)?
7
Let w be (1 - 6/4)*-4. Let c(g) = 3*g - 6*g + 0*g**2 - w*g**2. Let y(o) = o**3 - 7*o**2 + 16*o - 32. Let s be y(5). Give c(s).
-2
Suppose 0 = -2*q - 2*q. Let v(t) = -2*t + 0*t - 9 + t + q*t. Suppose o + 3 = 5*z - 6, o + 2*z + 2 = 0. Determine v(o).
-5
Let d(u) = 14*u + 6*u - u**2 - 11*u. Determine d(9).
0
Let n(r) = 0*r + r - r - 3*r**2 + r**3. Suppose -4*s - 14 = 3*m - 5*m, 3*s = -4*m - 16. Let w = -1 - s. Calculate n(w).
0
Let g(m) = 1. Let a(r) = -3 - r + 2*r + 0*r. Let q be a(2). Let o(t) = -t + 4. Let c(f) = q*o(f) + 6*g(f). What is c(-4)?
-2
Let w = -1 - -3. Let x(t) = -4 + t + w*t + 0. Give x(3).
5
Let x(l) be the third derivative of l**7/2520 - l**6/120 - l**5/24 - l**4/8 + 2*l**2. Let r(d) be the second derivative of x(d). Give r(5).
-10
Let u be (1 - -23)*1/4*2. Let d(c) = c**2 - 13*c + 2. Calculate d(u).
-10
Let u(z) = 2*z**3 - 2*z + 1 - 9*z**3 + z**2 - 3*z**3. Suppose 2*l = 7*l - 5*i - 5, -2*i + 2 = 2*l. Determine u(l).
-10
Let u(f) = -f + 3. Suppose -2*v + 9 = v. What is u(v)?
0
Let j = 14 - 12. Suppose 0 = 4*u - 4*o - 20, -u = j*u + o - 3. Let n(s) be the second derivative of -s**5/20 + s**4/6 - s**3/3 + s**2/2 - s. What is n(u)?
-3
Let d(k) = -k**3 + 4*k**2 - 4*k + 1. Let u(l) = -5*l**3 + 20*l**2 - 21*l + 4. Suppose 0*b = 2*b + 22. Let r(t) = b*d(t) + 2*u(t). What is r(4)?
5
Let o(f) be the third derivative of -f**6/120 + f**5/15 + f**4/8 + 7*f**3/6 - 9*f**2. Calculate o(5).
-3
Let n be 2/10 + 2/(-10). Let v(u) = -5*u**2 - 1 + n + 4*u + 3 + u**3 - 3. Determine v(3).
-7
Let i(s) be the second derivative of -s**5/20 + s**4/12 - s**3/6 - s**2 + 5*s. Determine i(2).
-8
Let o(d) be the second derivative of -d**5/20 - 7*d**4/12 + d**3/6 + 3*d**2/2 + 2*d. Calculate o(-7).
-4
Let i(p) be the second derivative of p**5/20 - p**4/12 + p**3/6 - 4*p**2 - 4*p. Calculate i(0).
-8
Let i(